{"id":1239,"date":"2024-02-28T12:09:08","date_gmt":"2024-02-28T09:09:08","guid":{"rendered":"http:\/\/srconsttr.com\/?page_id=1239"},"modified":"2024-12-29T22:19:52","modified_gmt":"2024-12-29T19:19:52","slug":"projelerimiz","status":"publish","type":"page","link":"https:\/\/srconsttr.com\/index.php\/projelerimiz\/","title":{"rendered":"Projelerimiz"},"content":{"rendered":"\t\t<div data-elementor-type=\"wp-page\" data-elementor-id=\"1239\" class=\"elementor elementor-1239\">\n\t\t\t\t<div class=\"elementor-element elementor-element-a567942 e-con-full e-flex e-con e-parent\" data-id=\"a567942\" data-element_type=\"container\" data-e-type=\"container\" data-settings=\"{&quot;background_background&quot;:&quot;slideshow&quot;,&quot;shape_divider_bottom&quot;:&quot;mountains&quot;,&quot;background_slideshow_gallery&quot;:[{&quot;id&quot;:183,&quot;url&quot;:&quot;http:\\\/\\\/srconsttr.com\\\/wp-content\\\/uploads\\\/2023\\\/12\\\/YDA-insaat-scaled.jpg&quot;}],&quot;background_slideshow_loop&quot;:&quot;yes&quot;,&quot;background_slideshow_slide_duration&quot;:5000,&quot;background_slideshow_slide_transition&quot;:&quot;fade&quot;,&quot;background_slideshow_transition_duration&quot;:500}\">\n\t\t\t\t<div class=\"elementor-shape elementor-shape-bottom\" aria-hidden=\"true\" data-negative=\"false\">\n\t\t\t<svg xmlns=\"http:\/\/www.w3.org\/2000\/svg\" viewBox=\"0 0 1000 100\" preserveAspectRatio=\"none\">\n\t<path class=\"elementor-shape-fill\" opacity=\"0.33\" d=\"M473,67.3c-203.9,88.3-263.1-34-320.3,0C66,119.1,0,59.7,0,59.7V0h1000v59.7 c0,0-62.1,26.1-94.9,29.3c-32.8,3.3-62.8-12.3-75.8-22.1C806,49.6,745.3,8.7,694.9,4.7S492.4,59,473,67.3z\"\/>\n\t<path class=\"elementor-shape-fill\" opacity=\"0.66\" d=\"M734,67.3c-45.5,0-77.2-23.2-129.1-39.1c-28.6-8.7-150.3-10.1-254,39.1 s-91.7-34.4-149.2,0C115.7,118.3,0,39.8,0,39.8V0h1000v36.5c0,0-28.2-18.5-92.1-18.5C810.2,18.1,775.7,67.3,734,67.3z\"\/>\n\t<path class=\"elementor-shape-fill\" d=\"M766.1,28.9c-200-57.5-266,65.5-395.1,19.5C242,1.8,242,5.4,184.8,20.6C128,35.8,132.3,44.9,89.9,52.5C28.6,63.7,0,0,0,0 h1000c0,0-9.9,40.9-83.6,48.1S829.6,47,766.1,28.9z\"\/>\n<\/svg>\t\t<\/div>\n\t\t\t\t<\/div>\n\t\t<div class=\"elementor-element elementor-element-ca71a26 e-flex e-con-boxed e-con e-parent\" data-id=\"ca71a26\" data-element_type=\"container\" data-e-type=\"container\">\n\t\t\t\t\t<div class=\"e-con-inner\">\n\t\t\t\t<div class=\"elementor-element elementor-element-9d21431 elementor-widget elementor-widget-heading\" data-id=\"9d21431\" data-element_type=\"widget\" data-e-type=\"widget\" data-widget_type=\"heading.default\">\n\t\t\t\t<div class=\"elementor-widget-container\">\n\t\t\t\t\t<h2 class=\"elementor-heading-title elementor-size-default\">Projelerimiz\n<\/h2>\t\t\t\t<\/div>\n\t\t\t\t<\/div>\n\t\t\t\t\t<\/div>\n\t\t\t\t<\/div>\n\t\t<div class=\"elementor-element elementor-element-70c8da9 e-flex e-con-boxed e-con e-parent\" data-id=\"70c8da9\" data-element_type=\"container\" data-e-type=\"container\">\n\t\t\t\t\t<div class=\"e-con-inner\">\n\t\t\t\t<div class=\"elementor-element elementor-element-2376e14 elementor-widget elementor-widget-accordion\" data-id=\"2376e14\" data-element_type=\"widget\" data-e-type=\"widget\" data-widget_type=\"accordion.default\">\n\t\t\t\t<div class=\"elementor-widget-container\">\n\t\t\t\t\t\t\t<div class=\"elementor-accordion\">\n\t\t\t\t\t\t\t<div class=\"elementor-accordion-item\">\n\t\t\t\t\t<div id=\"elementor-tab-title-3711\" class=\"elementor-tab-title\" data-tab=\"1\" role=\"button\" aria-controls=\"elementor-tab-content-3711\" aria-expanded=\"false\">\n\t\t\t\t\t\t\t\t\t\t\t\t\t<span class=\"elementor-accordion-icon elementor-accordion-icon-left\" aria-hidden=\"true\">\n\t\t\t\t\t\t\t\t\t\t\t\t\t\t\t<span class=\"elementor-accordion-icon-closed\"><svg class=\"e-font-icon-svg e-fas-plus\" viewBox=\"0 0 448 512\" xmlns=\"http:\/\/www.w3.org\/2000\/svg\"><path d=\"M416 208H272V64c0-17.67-14.33-32-32-32h-32c-17.67 0-32 14.33-32 32v144H32c-17.67 0-32 14.33-32 32v32c0 17.67 14.33 32 32 32h144v144c0 17.67 14.33 32 32 32h32c17.67 0 32-14.33 32-32V304h144c17.67 0 32-14.33 32-32v-32c0-17.67-14.33-32-32-32z\"><\/path><\/svg><\/span>\n\t\t\t\t\t\t\t\t<span class=\"elementor-accordion-icon-opened\"><svg class=\"e-font-icon-svg e-fas-angle-up\" viewBox=\"0 0 320 512\" xmlns=\"http:\/\/www.w3.org\/2000\/svg\"><path d=\"M177 159.7l136 136c9.4 9.4 9.4 24.6 0 33.9l-22.6 22.6c-9.4 9.4-24.6 9.4-33.9 0L160 255.9l-96.4 96.4c-9.4 9.4-24.6 9.4-33.9 0L7 329.7c-9.4-9.4-9.4-24.6 0-33.9l136-136c9.4-9.5 24.6-9.5 34-.1z\"><\/path><\/svg><\/span>\n\t\t\t\t\t\t\t\t\t\t\t\t\t\t<\/span>\n\t\t\t\t\t\t\t\t\t\t\t\t<a class=\"elementor-accordion-title\" tabindex=\"0\">MERD\u0130VENK\u00d6Y TU\u011eBA APARTMANI PROJES\u0130<\/a>\n\t\t\t\t\t<\/div>\n\t\t\t\t\t<div id=\"elementor-tab-content-3711\" class=\"elementor-tab-content elementor-clearfix\" data-tab=\"1\" role=\"region\" aria-labelledby=\"elementor-tab-title-3711\"><p>MERD\u0130VENK\u00d6Y G\u00dcNAYDIN SOKAK TU\u011eBA APARTMANI PROJES\u0130<br \/>3000 M\u00b2 KAPALI ALAN<br \/>2 D\u00dcKKAN<br \/>21 DA\u0130RE<\/p><p>\u00a0<img fetchpriority=\"high\" decoding=\"async\" class=\"alignnone wp-image-1473 size-large\" src=\"http:\/\/srconsttr.com\/wp-content\/uploads\/2024\/12\/pr_1-2048x1155-1-1024x578.jpg\" alt=\"\" width=\"1024\" height=\"578\" srcset=\"https:\/\/srconsttr.com\/wp-content\/uploads\/2024\/12\/pr_1-2048x1155-1-1024x578.jpg 1024w, https:\/\/srconsttr.com\/wp-content\/uploads\/2024\/12\/pr_1-2048x1155-1-300x169.jpg 300w, https:\/\/srconsttr.com\/wp-content\/uploads\/2024\/12\/pr_1-2048x1155-1-768x433.jpg 768w, https:\/\/srconsttr.com\/wp-content\/uploads\/2024\/12\/pr_1-2048x1155-1-1536x866.jpg 1536w, https:\/\/srconsttr.com\/wp-content\/uploads\/2024\/12\/pr_1-2048x1155-1.jpg 2048w\" sizes=\"(max-width: 1024px) 100vw, 1024px\" \/><\/p><p><img decoding=\"async\" class=\"alignnone wp-image-1474 size-large\" src=\"http:\/\/srconsttr.com\/wp-content\/uploads\/2024\/12\/pr_1a-2048x1406-1-1024x703.jpg\" alt=\"\" width=\"1024\" height=\"703\" srcset=\"https:\/\/srconsttr.com\/wp-content\/uploads\/2024\/12\/pr_1a-2048x1406-1-1024x703.jpg 1024w, https:\/\/srconsttr.com\/wp-content\/uploads\/2024\/12\/pr_1a-2048x1406-1-300x206.jpg 300w, https:\/\/srconsttr.com\/wp-content\/uploads\/2024\/12\/pr_1a-2048x1406-1-768x527.jpg 768w, https:\/\/srconsttr.com\/wp-content\/uploads\/2024\/12\/pr_1a-2048x1406-1-1536x1055.jpg 1536w, https:\/\/srconsttr.com\/wp-content\/uploads\/2024\/12\/pr_1a-2048x1406-1.jpg 2048w\" sizes=\"(max-width: 1024px) 100vw, 1024px\" \/><\/p><\/div>\n\t\t\t\t<\/div>\n\t\t\t\t\t\t\t<div class=\"elementor-accordion-item\">\n\t\t\t\t\t<div id=\"elementor-tab-title-3712\" class=\"elementor-tab-title\" data-tab=\"2\" role=\"button\" aria-controls=\"elementor-tab-content-3712\" aria-expanded=\"false\">\n\t\t\t\t\t\t\t\t\t\t\t\t\t<span class=\"elementor-accordion-icon elementor-accordion-icon-left\" aria-hidden=\"true\">\n\t\t\t\t\t\t\t\t\t\t\t\t\t\t\t<span class=\"elementor-accordion-icon-closed\"><svg class=\"e-font-icon-svg e-fas-plus\" viewBox=\"0 0 448 512\" xmlns=\"http:\/\/www.w3.org\/2000\/svg\"><path d=\"M416 208H272V64c0-17.67-14.33-32-32-32h-32c-17.67 0-32 14.33-32 32v144H32c-17.67 0-32 14.33-32 32v32c0 17.67 14.33 32 32 32h144v144c0 17.67 14.33 32 32 32h32c17.67 0 32-14.33 32-32V304h144c17.67 0 32-14.33 32-32v-32c0-17.67-14.33-32-32-32z\"><\/path><\/svg><\/span>\n\t\t\t\t\t\t\t\t<span class=\"elementor-accordion-icon-opened\"><svg class=\"e-font-icon-svg e-fas-angle-up\" viewBox=\"0 0 320 512\" xmlns=\"http:\/\/www.w3.org\/2000\/svg\"><path d=\"M177 159.7l136 136c9.4 9.4 9.4 24.6 0 33.9l-22.6 22.6c-9.4 9.4-24.6 9.4-33.9 0L160 255.9l-96.4 96.4c-9.4 9.4-24.6 9.4-33.9 0L7 329.7c-9.4-9.4-9.4-24.6 0-33.9l136-136c9.4-9.5 24.6-9.5 34-.1z\"><\/path><\/svg><\/span>\n\t\t\t\t\t\t\t\t\t\t\t\t\t\t<\/span>\n\t\t\t\t\t\t\t\t\t\t\t\t<a class=\"elementor-accordion-title\" tabindex=\"0\">FENERBAH\u00c7E G\u00dcRSOY APARTMANI PROJES\u0130<\/a>\n\t\t\t\t\t<\/div>\n\t\t\t\t\t<div id=\"elementor-tab-content-3712\" class=\"elementor-tab-content elementor-clearfix\" data-tab=\"2\" role=\"region\" aria-labelledby=\"elementor-tab-title-3712\"><p>FENERBAH\u00c7E EFLATUN SOKAK G\u00dcRSOY APARTMANI PROJES\u0130<br \/>4500 M\u00b2 KAPALI ALAN<br \/>4 D\u00dcKKAN<br \/>19 DA\u0130RE<br \/>\u00a0<img decoding=\"async\" class=\"alignnone wp-image-1481 size-large\" src=\"http:\/\/srconsttr.com\/wp-content\/uploads\/2024\/12\/pr_2-2048x1218-1-1024x609.jpg\" alt=\"\" width=\"1024\" height=\"609\" srcset=\"https:\/\/srconsttr.com\/wp-content\/uploads\/2024\/12\/pr_2-2048x1218-1-1024x609.jpg 1024w, https:\/\/srconsttr.com\/wp-content\/uploads\/2024\/12\/pr_2-2048x1218-1-300x178.jpg 300w, https:\/\/srconsttr.com\/wp-content\/uploads\/2024\/12\/pr_2-2048x1218-1-768x457.jpg 768w, https:\/\/srconsttr.com\/wp-content\/uploads\/2024\/12\/pr_2-2048x1218-1-1536x914.jpg 1536w, https:\/\/srconsttr.com\/wp-content\/uploads\/2024\/12\/pr_2-2048x1218-1.jpg 2048w\" sizes=\"(max-width: 1024px) 100vw, 1024px\" \/> <img loading=\"lazy\" decoding=\"async\" class=\"alignnone wp-image-1482 size-large\" src=\"http:\/\/srconsttr.com\/wp-content\/uploads\/2024\/12\/pr_2a-2048x1401-1-1024x701.jpg\" alt=\"\" width=\"1024\" height=\"701\" srcset=\"https:\/\/srconsttr.com\/wp-content\/uploads\/2024\/12\/pr_2a-2048x1401-1-1024x701.jpg 1024w, https:\/\/srconsttr.com\/wp-content\/uploads\/2024\/12\/pr_2a-2048x1401-1-300x205.jpg 300w, https:\/\/srconsttr.com\/wp-content\/uploads\/2024\/12\/pr_2a-2048x1401-1-768x525.jpg 768w, https:\/\/srconsttr.com\/wp-content\/uploads\/2024\/12\/pr_2a-2048x1401-1-1536x1051.jpg 1536w, https:\/\/srconsttr.com\/wp-content\/uploads\/2024\/12\/pr_2a-2048x1401-1.jpg 2048w\" sizes=\"(max-width: 1024px) 100vw, 1024px\" \/><\/p><\/div>\n\t\t\t\t<\/div>\n\t\t\t\t\t\t\t<div class=\"elementor-accordion-item\">\n\t\t\t\t\t<div id=\"elementor-tab-title-3713\" class=\"elementor-tab-title\" data-tab=\"3\" role=\"button\" aria-controls=\"elementor-tab-content-3713\" aria-expanded=\"false\">\n\t\t\t\t\t\t\t\t\t\t\t\t\t<span class=\"elementor-accordion-icon elementor-accordion-icon-left\" aria-hidden=\"true\">\n\t\t\t\t\t\t\t\t\t\t\t\t\t\t\t<span class=\"elementor-accordion-icon-closed\"><svg class=\"e-font-icon-svg e-fas-plus\" viewBox=\"0 0 448 512\" xmlns=\"http:\/\/www.w3.org\/2000\/svg\"><path d=\"M416 208H272V64c0-17.67-14.33-32-32-32h-32c-17.67 0-32 14.33-32 32v144H32c-17.67 0-32 14.33-32 32v32c0 17.67 14.33 32 32 32h144v144c0 17.67 14.33 32 32 32h32c17.67 0 32-14.33 32-32V304h144c17.67 0 32-14.33 32-32v-32c0-17.67-14.33-32-32-32z\"><\/path><\/svg><\/span>\n\t\t\t\t\t\t\t\t<span class=\"elementor-accordion-icon-opened\"><svg class=\"e-font-icon-svg e-fas-angle-up\" viewBox=\"0 0 320 512\" xmlns=\"http:\/\/www.w3.org\/2000\/svg\"><path d=\"M177 159.7l136 136c9.4 9.4 9.4 24.6 0 33.9l-22.6 22.6c-9.4 9.4-24.6 9.4-33.9 0L160 255.9l-96.4 96.4c-9.4 9.4-24.6 9.4-33.9 0L7 329.7c-9.4-9.4-9.4-24.6 0-33.9l136-136c9.4-9.5 24.6-9.5 34-.1z\"><\/path><\/svg><\/span>\n\t\t\t\t\t\t\t\t\t\t\t\t\t\t<\/span>\n\t\t\t\t\t\t\t\t\t\t\t\t<a class=\"elementor-accordion-title\" tabindex=\"0\">MERD\u0130VENK\u00d6Y BEYO\u011eLU APARTMANI PROJES\u0130<\/a>\n\t\t\t\t\t<\/div>\n\t\t\t\t\t<div id=\"elementor-tab-content-3713\" class=\"elementor-tab-content elementor-clearfix\" data-tab=\"3\" role=\"region\" aria-labelledby=\"elementor-tab-title-3713\"><p>MERD\u0130VENK\u00d6Y \u00d6\u011eR. HARUN RE\u015e\u0130T SOKAK BEYO\u011eLU APARTMANI PROJES\u0130<br \/>5000 M\u00b2 KAPALI ALAN<br \/>43 DA\u0130RE<\/p><p><img loading=\"lazy\" decoding=\"async\" class=\"alignnone wp-image-1486 size-large\" src=\"http:\/\/srconsttr.com\/wp-content\/uploads\/2024\/12\/pr_3-2048x1177-1-1024x589.jpg\" alt=\"\" width=\"1024\" height=\"589\" srcset=\"https:\/\/srconsttr.com\/wp-content\/uploads\/2024\/12\/pr_3-2048x1177-1-1024x589.jpg 1024w, https:\/\/srconsttr.com\/wp-content\/uploads\/2024\/12\/pr_3-2048x1177-1-300x172.jpg 300w, https:\/\/srconsttr.com\/wp-content\/uploads\/2024\/12\/pr_3-2048x1177-1-768x441.jpg 768w, https:\/\/srconsttr.com\/wp-content\/uploads\/2024\/12\/pr_3-2048x1177-1-1536x883.jpg 1536w, https:\/\/srconsttr.com\/wp-content\/uploads\/2024\/12\/pr_3-2048x1177-1.jpg 2048w\" sizes=\"(max-width: 1024px) 100vw, 1024px\" \/> <img loading=\"lazy\" decoding=\"async\" class=\"alignnone wp-image-1487 size-large\" src=\"http:\/\/srconsttr.com\/wp-content\/uploads\/2024\/12\/pr_3a-2048x1487-1-1024x744.jpg\" alt=\"\" width=\"1024\" height=\"744\" srcset=\"https:\/\/srconsttr.com\/wp-content\/uploads\/2024\/12\/pr_3a-2048x1487-1-1024x744.jpg 1024w, https:\/\/srconsttr.com\/wp-content\/uploads\/2024\/12\/pr_3a-2048x1487-1-300x218.jpg 300w, https:\/\/srconsttr.com\/wp-content\/uploads\/2024\/12\/pr_3a-2048x1487-1-768x558.jpg 768w, https:\/\/srconsttr.com\/wp-content\/uploads\/2024\/12\/pr_3a-2048x1487-1-1536x1115.jpg 1536w, https:\/\/srconsttr.com\/wp-content\/uploads\/2024\/12\/pr_3a-2048x1487-1.jpg 2048w\" sizes=\"(max-width: 1024px) 100vw, 1024px\" \/><\/p><\/div>\n\t\t\t\t<\/div>\n\t\t\t\t\t\t\t<div class=\"elementor-accordion-item\">\n\t\t\t\t\t<div id=\"elementor-tab-title-3714\" class=\"elementor-tab-title\" data-tab=\"4\" role=\"button\" aria-controls=\"elementor-tab-content-3714\" aria-expanded=\"false\">\n\t\t\t\t\t\t\t\t\t\t\t\t\t<span class=\"elementor-accordion-icon elementor-accordion-icon-left\" aria-hidden=\"true\">\n\t\t\t\t\t\t\t\t\t\t\t\t\t\t\t<span class=\"elementor-accordion-icon-closed\"><svg class=\"e-font-icon-svg e-fas-plus\" viewBox=\"0 0 448 512\" xmlns=\"http:\/\/www.w3.org\/2000\/svg\"><path d=\"M416 208H272V64c0-17.67-14.33-32-32-32h-32c-17.67 0-32 14.33-32 32v144H32c-17.67 0-32 14.33-32 32v32c0 17.67 14.33 32 32 32h144v144c0 17.67 14.33 32 32 32h32c17.67 0 32-14.33 32-32V304h144c17.67 0 32-14.33 32-32v-32c0-17.67-14.33-32-32-32z\"><\/path><\/svg><\/span>\n\t\t\t\t\t\t\t\t<span class=\"elementor-accordion-icon-opened\"><svg class=\"e-font-icon-svg e-fas-angle-up\" viewBox=\"0 0 320 512\" xmlns=\"http:\/\/www.w3.org\/2000\/svg\"><path d=\"M177 159.7l136 136c9.4 9.4 9.4 24.6 0 33.9l-22.6 22.6c-9.4 9.4-24.6 9.4-33.9 0L160 255.9l-96.4 96.4c-9.4 9.4-24.6 9.4-33.9 0L7 329.7c-9.4-9.4-9.4-24.6 0-33.9l136-136c9.4-9.5 24.6-9.5 34-.1z\"><\/path><\/svg><\/span>\n\t\t\t\t\t\t\t\t\t\t\t\t\t\t<\/span>\n\t\t\t\t\t\t\t\t\t\t\t\t<a class=\"elementor-accordion-title\" tabindex=\"0\">FENERBAH\u00c7E HUZUR APARTMANI PROJES\u0130<\/a>\n\t\t\t\t\t<\/div>\n\t\t\t\t\t<div id=\"elementor-tab-content-3714\" class=\"elementor-tab-content elementor-clearfix\" data-tab=\"4\" role=\"region\" aria-labelledby=\"elementor-tab-title-3714\"><p>FENERBAH\u00c7E KUYU SOKAK HUZUR APARTMANI PROJES\u0130<br \/>5200 M\u00b2 KAPALI ALAN<br \/>20 DA\u0130RE<img loading=\"lazy\" decoding=\"async\" class=\"alignnone wp-image-1491 size-full\" src=\"http:\/\/srconsttr.com\/wp-content\/uploads\/2024\/12\/pr_4-1082x2048-1.jpg\" alt=\"\" width=\"1082\" height=\"2048\" srcset=\"https:\/\/srconsttr.com\/wp-content\/uploads\/2024\/12\/pr_4-1082x2048-1.jpg 1082w, https:\/\/srconsttr.com\/wp-content\/uploads\/2024\/12\/pr_4-1082x2048-1-158x300.jpg 158w, https:\/\/srconsttr.com\/wp-content\/uploads\/2024\/12\/pr_4-1082x2048-1-541x1024.jpg 541w, https:\/\/srconsttr.com\/wp-content\/uploads\/2024\/12\/pr_4-1082x2048-1-768x1454.jpg 768w, https:\/\/srconsttr.com\/wp-content\/uploads\/2024\/12\/pr_4-1082x2048-1-812x1536.jpg 812w\" sizes=\"(max-width: 1082px) 100vw, 1082px\" \/> <img loading=\"lazy\" decoding=\"async\" class=\"alignnone wp-image-1492 size-large\" src=\"http:\/\/srconsttr.com\/wp-content\/uploads\/2024\/12\/pr_4a-2048x768-1-1024x384.jpg\" alt=\"\" width=\"1024\" height=\"384\" srcset=\"https:\/\/srconsttr.com\/wp-content\/uploads\/2024\/12\/pr_4a-2048x768-1-1024x384.jpg 1024w, https:\/\/srconsttr.com\/wp-content\/uploads\/2024\/12\/pr_4a-2048x768-1-300x113.jpg 300w, https:\/\/srconsttr.com\/wp-content\/uploads\/2024\/12\/pr_4a-2048x768-1-768x288.jpg 768w, https:\/\/srconsttr.com\/wp-content\/uploads\/2024\/12\/pr_4a-2048x768-1-1536x576.jpg 1536w, https:\/\/srconsttr.com\/wp-content\/uploads\/2024\/12\/pr_4a-2048x768-1.jpg 2048w\" sizes=\"(max-width: 1024px) 100vw, 1024px\" \/><\/p><\/div>\n\t\t\t\t<\/div>\n\t\t\t\t\t\t\t\t<\/div>\n\t\t\t\t\t\t<\/div>\n\t\t\t\t<\/div>\n\t\t\t\t\t<\/div>\n\t\t\t\t<\/div>\n\t\t<div class=\"elementor-element elementor-element-cc95240 e-flex e-con-boxed e-con e-parent\" data-id=\"cc95240\" data-element_type=\"container\" data-e-type=\"container\">\n\t\t\t\t\t<div class=\"e-con-inner\">\n\t\t\t\t\t<\/div>\n\t\t\t\t<\/div>\n\t\t<div class=\"elementor-element elementor-element-c93f40d e-flex e-con-boxed e-con e-parent\" data-id=\"c93f40d\" data-element_type=\"container\" data-e-type=\"container\" data-settings=\"{&quot;background_background&quot;:&quot;classic&quot;,&quot;shape_divider_top&quot;:&quot;mountains&quot;}\">\n\t\t\t\t\t<div class=\"e-con-inner\">\n\t\t\t\t<div class=\"elementor-shape elementor-shape-top\" aria-hidden=\"true\" data-negative=\"false\">\n\t\t\t<svg xmlns=\"http:\/\/www.w3.org\/2000\/svg\" viewBox=\"0 0 1000 100\" preserveAspectRatio=\"none\">\n\t<path class=\"elementor-shape-fill\" opacity=\"0.33\" d=\"M473,67.3c-203.9,88.3-263.1-34-320.3,0C66,119.1,0,59.7,0,59.7V0h1000v59.7 c0,0-62.1,26.1-94.9,29.3c-32.8,3.3-62.8-12.3-75.8-22.1C806,49.6,745.3,8.7,694.9,4.7S492.4,59,473,67.3z\"\/>\n\t<path class=\"elementor-shape-fill\" opacity=\"0.66\" d=\"M734,67.3c-45.5,0-77.2-23.2-129.1-39.1c-28.6-8.7-150.3-10.1-254,39.1 s-91.7-34.4-149.2,0C115.7,118.3,0,39.8,0,39.8V0h1000v36.5c0,0-28.2-18.5-92.1-18.5C810.2,18.1,775.7,67.3,734,67.3z\"\/>\n\t<path class=\"elementor-shape-fill\" d=\"M766.1,28.9c-200-57.5-266,65.5-395.1,19.5C242,1.8,242,5.4,184.8,20.6C128,35.8,132.3,44.9,89.9,52.5C28.6,63.7,0,0,0,0 h1000c0,0-9.9,40.9-83.6,48.1S829.6,47,766.1,28.9z\"\/>\n<\/svg>\t\t<\/div>\n\t\t\t\t\t<\/div>\n\t\t\t\t<\/div>\n\t\t\t\t<\/div>\n\t\t","protected":false},"excerpt":{"rendered":"<p>Projelerimiz MERD\u0130VENK\u00d6Y TU\u011eBA APARTMANI PROJES\u0130 MERD\u0130VENK\u00d6Y G\u00dcNAYDIN SOKAK TU\u011eBA APARTMANI PROJES\u01303000 M\u00b2 KAPALI ALAN2 D\u00dcKKAN21 DA\u0130RE \u00a0 FENERBAH\u00c7E G\u00dcRSOY APARTMANI PROJES\u0130 FENERBAH\u00c7E EFLATUN SOKAK G\u00dcRSOY APARTMANI PROJES\u01304500 M\u00b2 KAPALI ALAN4 D\u00dcKKAN19 DA\u0130RE\u00a0 MERD\u0130VENK\u00d6Y BEYO\u011eLU APARTMANI PROJES\u0130 MERD\u0130VENK\u00d6Y \u00d6\u011eR. HARUN RE\u015e\u0130T SOKAK BEYO\u011eLU APARTMANI PROJES\u01305000 M\u00b2 KAPALI ALAN43 DA\u0130RE FENERBAH\u00c7E HUZUR APARTMANI PROJES\u0130 FENERBAH\u00c7E KUYU SOKAK&#8230;<\/p>\n","protected":false},"author":1,"featured_media":0,"parent":0,"menu_order":0,"comment_status":"closed","ping_status":"closed","template":"","meta":{"_kad_post_transparent":"","_kad_post_title":"hide","_kad_post_layout":"fullwidth","_kad_post_sidebar_id":"","_kad_post_content_style":"unboxed","_kad_post_vertical_padding":"hide","_kad_post_feature":"hide","_kad_post_feature_position":"","_kad_post_header":false,"_kad_post_footer":false,"footnotes":""},"class_list":["post-1239","page","type-page","status-publish","hentry"],"_links":{"self":[{"href":"https:\/\/srconsttr.com\/index.php\/wp-json\/wp\/v2\/pages\/1239","targetHints":{"allow":["GET"]}}],"collection":[{"href":"https:\/\/srconsttr.com\/index.php\/wp-json\/wp\/v2\/pages"}],"about":[{"href":"https:\/\/srconsttr.com\/index.php\/wp-json\/wp\/v2\/types\/page"}],"author":[{"embeddable":true,"href":"https:\/\/srconsttr.com\/index.php\/wp-json\/wp\/v2\/users\/1"}],"replies":[{"embeddable":true,"href":"https:\/\/srconsttr.com\/index.php\/wp-json\/wp\/v2\/comments?post=1239"}],"version-history":[{"count":67,"href":"https:\/\/srconsttr.com\/index.php\/wp-json\/wp\/v2\/pages\/1239\/revisions"}],"predecessor-version":[{"id":1518,"href":"https:\/\/srconsttr.com\/index.php\/wp-json\/wp\/v2\/pages\/1239\/revisions\/1518"}],"wp:attachment":[{"href":"https:\/\/srconsttr.com\/index.php\/wp-json\/wp\/v2\/media?parent=1239"}],"curies":[{"name":"wp","href":"https:\/\/api.w.org\/{rel}","templated":true}]}}